{"id":1057,"date":"2024-02-02T16:43:21","date_gmt":"2024-02-02T16:43:21","guid":{"rendered":"https:\/\/clubhalterofiliacoruna.org\/?page_id=1057"},"modified":"2025-10-29T08:57:24","modified_gmt":"2025-10-29T08:57:24","slug":"inicio-2","status":"publish","type":"page","link":"https:\/\/clubhalterofiliacoruna.org\/?lang=gl","title":{"rendered":"INICIO"},"content":{"rendered":"\n<p><\/p>\n\n\n\n<center><img decoding=\"async\" data-src=\"https:\/\/clubhalterofiliacoruna.org\/wp-content\/uploads\/2024\/02\/Practica-Halterofilia-1.jpg\" src=\"data:image\/svg+xml;base64,PHN2ZyB3aWR0aD0iMSIgaGVpZ2h0PSIxIiB4bWxucz0iaHR0cDovL3d3dy53My5vcmcvMjAwMC9zdmciPjwvc3ZnPg==\" class=\"lazyload\" style=\"--smush-placeholder-width: 1382px; --smush-placeholder-aspect-ratio: 1382\/691;\">\n<h2>(totalmente de balde para menores de 16 a\u00f1os)<\/h2><br><br>\n<a href=\"https:\/\/clubhalterofiliacoruna.org\/social\/gl\"><b>Web do PROYECTO SOCIAL do CLUB HALTEROFILIA CORU\u00d1A<\/b><\/a>\n<br><h2>A colaboraci\u00f3n da FUNDACI\u00d3N EMALCSA permitiu que o noso Club inicie a actividade da XII edici\u00f3n de Deporte Solidario e Inclusivo<\/h2><br>\n<img decoding=\"async\" data-src=\"https:\/\/clubhalterofiliacoruna.org\/wp-content\/uploads\/2025\/10\/chc.jpg\" src=\"data:image\/svg+xml;base64,PHN2ZyB3aWR0aD0iMSIgaGVpZ2h0PSIxIiB4bWxucz0iaHR0cDovL3d3dy53My5vcmcvMjAwMC9zdmciPjwvc3ZnPg==\" class=\"lazyload\" style=\"--smush-placeholder-width: 717px; --smush-placeholder-aspect-ratio: 717\/497;\"><br><br>\n<br><br>\n<img decoding=\"async\" data-src=\"https:\/\/clubhalterofiliacoruna.org\/wp-content\/uploads\/2023\/11\/patro-scaled.jpg\" src=\"data:image\/svg+xml;base64,PHN2ZyB3aWR0aD0iMSIgaGVpZ2h0PSIxIiB4bWxucz0iaHR0cDovL3d3dy53My5vcmcvMjAwMC9zdmciPjwvc3ZnPg==\" class=\"lazyload\" style=\"--smush-placeholder-width: 2560px; --smush-placeholder-aspect-ratio: 2560\/209;\">\n<br><br>\nO Concello da Coru\u00f1a patrocina as nosas actividades deportivas: <a href=\"https:\/\/www.coruna.gal\/deportes\/es\"><b>Ligaz\u00f3n Deportes Coru\u00f1a<\/b><\/a>\n<br><br>\n","protected":false},"excerpt":{"rendered":"<p>(totalmente de balde para menores de 16 a\u00f1os) Web do PROYECTO SOCIAL do CLUB HALTEROFILIA CORU\u00d1A A colaboraci\u00f3n da FUNDACI\u00d3N EMALCSA permitiu que o noso Club inicie a actividade da XII edici\u00f3n de Deporte Solidario e Inclusivo O Concello da Coru\u00f1a patrocina as nosas actividades deportivas: Ligaz\u00f3n Deportes Coru\u00f1a<\/p>\n","protected":false},"author":1,"featured_media":0,"parent":0,"menu_order":0,"comment_status":"closed","ping_status":"closed","template":"","meta":{"_kadence_starter_templates_imported_post":false,"_kad_post_transparent":"","_kad_post_title":"","_kad_post_layout":"","_kad_post_sidebar_id":"","_kad_post_content_style":"","_kad_post_vertical_padding":"","_kad_post_feature":"","_kad_post_feature_position":"","_kad_post_header":false,"_kad_post_footer":false,"_kad_post_classname":"","footnotes":""},"class_list":["post-1057","page","type-page","status-publish","hentry"],"_links":{"self":[{"href":"https:\/\/clubhalterofiliacoruna.org\/index.php?rest_route=\/wp\/v2\/pages\/1057","targetHints":{"allow":["GET"]}}],"collection":[{"href":"https:\/\/clubhalterofiliacoruna.org\/index.php?rest_route=\/wp\/v2\/pages"}],"about":[{"href":"https:\/\/clubhalterofiliacoruna.org\/index.php?rest_route=\/wp\/v2\/types\/page"}],"author":[{"embeddable":true,"href":"https:\/\/clubhalterofiliacoruna.org\/index.php?rest_route=\/wp\/v2\/users\/1"}],"replies":[{"embeddable":true,"href":"https:\/\/clubhalterofiliacoruna.org\/index.php?rest_route=%2Fwp%2Fv2%2Fcomments&post=1057"}],"version-history":[{"count":13,"href":"https:\/\/clubhalterofiliacoruna.org\/index.php?rest_route=\/wp\/v2\/pages\/1057\/revisions"}],"predecessor-version":[{"id":1499,"href":"https:\/\/clubhalterofiliacoruna.org\/index.php?rest_route=\/wp\/v2\/pages\/1057\/revisions\/1499"}],"wp:attachment":[{"href":"https:\/\/clubhalterofiliacoruna.org\/index.php?rest_route=%2Fwp%2Fv2%2Fmedia&parent=1057"}],"curies":[{"name":"wp","href":"https:\/\/api.w.org\/{rel}","templated":true}]}}

<p></p>



<center><img decoding="async" data-src="https://clubhalterofiliacoruna.org/wp-content/uploads/2024/02/Practica-Halterofilia-1.jpg" src="data:image/svg+xml;base64,PHN2ZyB3aWR0aD0iMSIgaGVpZ2h0PSIxIiB4bWxucz0iaHR0cDovL3d3dy53My5vcmcvMjAwMC9zdmciPjwvc3ZnPg==" class="lazyload" style="--smush-placeholder-width: 1382px; --smush-placeholder-aspect-ratio: 1382/691;">
<h2>(totalmente de balde para menores de 16 años)</h2><br><br>
<a href="https://clubhalterofiliacoruna.org/social/gl"><b>Web do PROYECTO SOCIAL do CLUB HALTEROFILIA CORUÑA</b></a>
<br><h2>A colaboración da FUNDACIÓN EMALCSA permitiu que o noso Club inicie a actividade da XII edición de Deporte Solidario e Inclusivo</h2><br>
<img decoding="async" data-src="https://clubhalterofiliacoruna.org/wp-content/uploads/2025/10/chc.jpg" src="data:image/svg+xml;base64,PHN2ZyB3aWR0aD0iMSIgaGVpZ2h0PSIxIiB4bWxucz0iaHR0cDovL3d3dy53My5vcmcvMjAwMC9zdmciPjwvc3ZnPg==" class="lazyload" style="--smush-placeholder-width: 717px; --smush-placeholder-aspect-ratio: 717/497;"><br><br>
<br><br>
<img decoding="async" data-src="https://clubhalterofiliacoruna.org/wp-content/uploads/2023/11/patro-scaled.jpg" src="data:image/svg+xml;base64,PHN2ZyB3aWR0aD0iMSIgaGVpZ2h0PSIxIiB4bWxucz0iaHR0cDovL3d3dy53My5vcmcvMjAwMC9zdmciPjwvc3ZnPg==" class="lazyload" style="--smush-placeholder-width: 2560px; --smush-placeholder-aspect-ratio: 2560/209;">
<br><br>
O Concello da Coruña patrocina as nosas actividades deportivas: <a href="https://www.coruna.gal/deportes/es"><b>Ligazón Deportes Coruña</b></a>
<br><br>

<p>(totalmente de balde para menores de 16 años) Web do PROYECTO SOCIAL do CLUB HALTEROFILIA CORUÑA A colaboración da FUNDACIÓN EMALCSA permitiu que o noso Club inicie a actividade da XII edición de Deporte Solidario e Inclusivo O Concello da Coruña patrocina as nosas actividades deportivas: Ligazón Deportes Coruña</p>
