{"id":37,"date":"2015-01-22T11:39:29","date_gmt":"2015-01-22T11:39:29","guid":{"rendered":"http:\/\/clubhalterofiliacoruna.org\/?page_id=37"},"modified":"2015-01-22T11:53:41","modified_gmt":"2015-01-22T11:53:41","slug":"enlaces","status":"publish","type":"page","link":"https:\/\/clubhalterofiliacoruna.org\/?page_id=37","title":{"rendered":"Enlaces"},"content":{"rendered":"<h1>Federaci\u00f3ns<\/h1>\n<ul>\n<li>\n<h3>Federaci\u00f3n Espa\u00f1ola de Halterofilia<\/h3>\n<p><a title=\"Federaci\u00f3n Espa\u00f1ola de Halterofilia\" href=\"http:\/\/www.fedehalter.org\/\" target=\"_blank\"><img decoding=\"async\" title=\"Federaci\u00f3n Espa\u00f1ola de Halterofilia\" data-src=\"http:\/\/www.halterofilia.org\/web\/wp-content\/uploads\/link-library-images\/10.jpg\" alt=\"Federaci\u00f3n Espa\u00f1ola de Halterofilia\" src=\"data:image\/svg+xml;base64,PHN2ZyB3aWR0aD0iMSIgaGVpZ2h0PSIxIiB4bWxucz0iaHR0cDovL3d3dy53My5vcmcvMjAwMC9zdmciPjwvc3ZnPg==\" class=\"lazyload\" \/><br \/>\n<\/a>URL: <a href=\"http:\/\/www.fedehalter.org\/\" target=\"_blank\">http:\/\/www.fedehalter.org\/<\/a><\/li>\n<\/ul>\n<ul>\n<li>\n<h3>Federaci\u00f3n Europea de Halterofilia<\/h3>\n<p><a title=\"Federaci\u00f3n Europea de Halterofilia\" href=\"http:\/\/www.ewf.sm\/\" target=\"_blank\"><img decoding=\"async\" title=\"Federaci\u00f3n Europea de Halterofilia\" data-src=\"http:\/\/www.halterofilia.org\/web\/wp-content\/uploads\/link-library-images\/9.jpg\" alt=\"Federaci\u00f3n Europea de Halterofilia\" src=\"data:image\/svg+xml;base64,PHN2ZyB3aWR0aD0iMSIgaGVpZ2h0PSIxIiB4bWxucz0iaHR0cDovL3d3dy53My5vcmcvMjAwMC9zdmciPjwvc3ZnPg==\" class=\"lazyload\" \/><br \/>\n<\/a>URL: <a href=\"http:\/\/www.ewf.sm\/\" target=\"_blank\">http:\/\/www.ewf.sm\/<\/a><\/li>\n<\/ul>\n<ul>\n<li>\n<h3>Federaci\u00f3n Internacional de Halterofilia<\/h3>\n<p><a title=\"Federaci\u00f3n Internacional de Halterofilia\" href=\"http:\/\/www.iwf.net\/\" target=\"_blank\"><img decoding=\"async\" title=\"Federaci\u00f3n Internacional de Halterofilia\" data-src=\"http:\/\/www.halterofilia.org\/web\/wp-content\/uploads\/link-library-images\/8.jpg\" alt=\"Federaci\u00f3n Internacional de Halterofilia\" src=\"data:image\/svg+xml;base64,PHN2ZyB3aWR0aD0iMSIgaGVpZ2h0PSIxIiB4bWxucz0iaHR0cDovL3d3dy53My5vcmcvMjAwMC9zdmciPjwvc3ZnPg==\" class=\"lazyload\" \/><br \/>\n<\/a>URL: <a href=\"http:\/\/www.iwf.net\/\" target=\"_blank\">http:\/\/www.iwf.net\/<\/a><\/li>\n<\/ul>\n<h1>Organismos deportivos<\/h1>\n<ul>\n<li>\n<h3>Consejo Superior de Deportes<\/h3>\n<p><a title=\"Consejo Superior de Deportes\" href=\"http:\/\/www.csd.mec.es\/\" target=\"_blank\"><img decoding=\"async\" title=\"Consejo Superior de Deportes\" data-src=\"http:\/\/www.halterofilia.org\/web\/wp-content\/uploads\/link-library-images\/17.jpg\" alt=\"Consejo Superior de Deportes\" src=\"data:image\/svg+xml;base64,PHN2ZyB3aWR0aD0iMSIgaGVpZ2h0PSIxIiB4bWxucz0iaHR0cDovL3d3dy53My5vcmcvMjAwMC9zdmciPjwvc3ZnPg==\" class=\"lazyload\" \/><br \/>\n<\/a>URL: <a href=\"http:\/\/www.csd.mec.es\/\" target=\"_blank\">http:\/\/www.csd.mec.es\/<\/a><\/li>\n<\/ul>\n<ul>\n<li>\n<h3>Deporte Galego<\/h3>\n<p><a title=\"Deporte Galego\" href=\"http:\/\/www.deportegalego.es\/\" target=\"_blank\"><img decoding=\"async\" title=\"Deporte Galego\" data-src=\"http:\/\/www.halterofilia.org\/web\/wp-content\/uploads\/link-library-images\/16.jpg\" alt=\"Deporte Galego\" src=\"data:image\/svg+xml;base64,PHN2ZyB3aWR0aD0iMSIgaGVpZ2h0PSIxIiB4bWxucz0iaHR0cDovL3d3dy53My5vcmcvMjAwMC9zdmciPjwvc3ZnPg==\" class=\"lazyload\" \/><br \/>\n<\/a>URL: <a href=\"http:\/\/www.deportegalego.es\/\" target=\"_blank\">http:\/\/www.deportegalego.es\/<\/a><\/li>\n<\/ul>\n<h1>Xogos Ol\u00edmpicos<\/h1>\n<ul>\n<ul>\n<li>\n<h3>ADO &#8211; Asociaci\u00f3n de Deportes Ol\u00edmpicos<\/h3>\n<p><a title=\"ADO - Asociaci\u00f3n de Deportes Ol\u00edmpicos\" href=\"http:\/\/www.ado.es\/\" target=\"_blank\"><img decoding=\"async\" title=\"ADO - Asociaci\u00f3n de Deportes Ol\u00edmpicos\" data-src=\"http:\/\/www.halterofilia.org\/web\/wp-content\/uploads\/link-library-images\/15.jpg\" alt=\"ADO - Asociaci\u00f3n de Deportes Ol\u00edmpicos\" src=\"data:image\/svg+xml;base64,PHN2ZyB3aWR0aD0iMSIgaGVpZ2h0PSIxIiB4bWxucz0iaHR0cDovL3d3dy53My5vcmcvMjAwMC9zdmciPjwvc3ZnPg==\" class=\"lazyload\" \/><br \/>\n<\/a>URL: <a href=\"http:\/\/www.ado.es\/\" target=\"_blank\">http:\/\/www.ado.es\/<\/a><\/li>\n<\/ul>\n<\/ul>\n<p>&nbsp;<\/p>\n<ul>\n<ul>\n<li>\n<h3>Comit\u00e9 Ol\u00edmpico Espa\u00f1ol<\/h3>\n<p><a title=\"Comit\u00e9 Ol\u00edmpico Espa\u00f1ol\" href=\"http:\/\/www.coe.es\/\" target=\"_blank\"><img decoding=\"async\" title=\"Comit\u00e9 Ol\u00edmpico Espa\u00f1ol\" data-src=\"http:\/\/www.halterofilia.org\/web\/wp-content\/uploads\/link-library-images\/14.jpg\" alt=\"Comit\u00e9 Ol\u00edmpico Espa\u00f1ol\" src=\"data:image\/svg+xml;base64,PHN2ZyB3aWR0aD0iMSIgaGVpZ2h0PSIxIiB4bWxucz0iaHR0cDovL3d3dy53My5vcmcvMjAwMC9zdmciPjwvc3ZnPg==\" class=\"lazyload\" \/><br \/>\n<\/a>URL: <a href=\"http:\/\/www.coe.es\/\" target=\"_blank\">http:\/\/www.coe.es\/<\/a><\/li>\n<\/ul>\n<\/ul>\n<p>&nbsp;<\/p>\n<ul>\n<ul>\n<li>\n<h3>Londres 2012<\/h3>\n<p><a title=\"Londres 2012\" href=\"http:\/\/www.london2012.com\/\" target=\"_blank\"><img decoding=\"async\" title=\"Londres 2012\" data-src=\"http:\/\/www.halterofilia.org\/web\/wp-content\/uploads\/link-library-images\/12.jpg\" alt=\"Londres 2012\" src=\"data:image\/svg+xml;base64,PHN2ZyB3aWR0aD0iMSIgaGVpZ2h0PSIxIiB4bWxucz0iaHR0cDovL3d3dy53My5vcmcvMjAwMC9zdmciPjwvc3ZnPg==\" class=\"lazyload\" \/><br \/>\n<\/a>URL: <a href=\"http:\/\/www.london2012.com\/\" target=\"_blank\">http:\/\/www.london2012.com\/<\/a><\/li>\n<\/ul>\n<\/ul>\n<p>&nbsp;<\/p>\n<ul>\n<ul>\n<ul>\n<li>\n<h3>Olimpismo<\/h3>\n<p><a id=\"link-11\" class=\"track_this_link \" title=\"Olimpismo\" href=\"http:\/\/www.olympic.org\/\" target=\"_blank\"><img decoding=\"async\" title=\"Olimpismo\" data-src=\"http:\/\/www.halterofilia.org\/web\/wp-content\/uploads\/link-library-images\/11.jpg\" alt=\"Olimpismo\" src=\"data:image\/svg+xml;base64,PHN2ZyB3aWR0aD0iMSIgaGVpZ2h0PSIxIiB4bWxucz0iaHR0cDovL3d3dy53My5vcmcvMjAwMC9zdmciPjwvc3ZnPg==\" class=\"lazyload\" \/><br \/>\n<\/a>URL: <a target=\"_blank\">http:\/\/www.olympic.org\/<\/a><\/li>\n<\/ul>\n<\/ul>\n<\/ul>\n<p>&nbsp;<\/p>\n<ul>\n<ul>\n<li>\n<h3>Rio 2016<\/h3>\n<p><a id=\"link-13\" class=\"track_this_link \" title=\"Rio 2016\" href=\"http:\/\/www.rio2016.org.br\/\" target=\"_blank\"><img decoding=\"async\" title=\"Rio 2016\" data-src=\"http:\/\/www.halterofilia.org\/web\/wp-content\/uploads\/link-library-images\/13.jpg\" alt=\"Rio 2016\" src=\"data:image\/svg+xml;base64,PHN2ZyB3aWR0aD0iMSIgaGVpZ2h0PSIxIiB4bWxucz0iaHR0cDovL3d3dy53My5vcmcvMjAwMC9zdmciPjwvc3ZnPg==\" class=\"lazyload\" \/><br \/>\n<\/a>URL: <a href=\"http:\/\/www.rio2016.org.br\/\" target=\"_blank\">http:\/\/www.rio2016.org.br\/<\/a><\/li>\n<\/ul>\n<\/ul>\n<p>&nbsp;<\/p>\n","protected":false},"excerpt":{"rendered":"<p>Federaci\u00f3ns Federaci\u00f3n Espa\u00f1ola de Halterofilia URL: http:\/\/www.fedehalter.org\/ Federaci\u00f3n Europea de Halterofilia URL: http:\/\/www.ewf.sm\/ Federaci\u00f3n Internacional de Halterofilia URL: http:\/\/www.iwf.net\/ Organismos deportivos Consejo Superior de Deportes URL: http:\/\/www.csd.mec.es\/ Deporte Galego URL: http:\/\/www.deportegalego.es\/ Xogos Ol\u00edmpicos ADO &#8211; Asociaci\u00f3n de Deportes Ol\u00edmpicos URL: http:\/\/www.ado.es\/ &nbsp; Comit\u00e9 Ol\u00edmpico Espa\u00f1ol URL: http:\/\/www.coe.es\/ &nbsp; Londres 2012 URL: http:\/\/www.london2012.com\/ &nbsp; Olimpismo URL:&#8230;<\/p>\n","protected":false},"author":1,"featured_media":0,"parent":0,"menu_order":0,"comment_status":"closed","ping_status":"open","template":"","meta":{"_kadence_starter_templates_imported_post":false,"_kad_post_transparent":"","_kad_post_title":"","_kad_post_layout":"","_kad_post_sidebar_id":"","_kad_post_content_style":"","_kad_post_vertical_padding":"","_kad_post_feature":"","_kad_post_feature_position":"","_kad_post_header":false,"_kad_post_footer":false,"_kad_post_classname":"","footnotes":""},"class_list":["post-37","page","type-page","status-publish","hentry"],"_links":{"self":[{"href":"https:\/\/clubhalterofiliacoruna.org\/index.php?rest_route=\/wp\/v2\/pages\/37","targetHints":{"allow":["GET"]}}],"collection":[{"href":"https:\/\/clubhalterofiliacoruna.org\/index.php?rest_route=\/wp\/v2\/pages"}],"about":[{"href":"https:\/\/clubhalterofiliacoruna.org\/index.php?rest_route=\/wp\/v2\/types\/page"}],"author":[{"embeddable":true,"href":"https:\/\/clubhalterofiliacoruna.org\/index.php?rest_route=\/wp\/v2\/users\/1"}],"replies":[{"embeddable":true,"href":"https:\/\/clubhalterofiliacoruna.org\/index.php?rest_route=%2Fwp%2Fv2%2Fcomments&post=37"}],"version-history":[{"count":0,"href":"https:\/\/clubhalterofiliacoruna.org\/index.php?rest_route=\/wp\/v2\/pages\/37\/revisions"}],"wp:attachment":[{"href":"https:\/\/clubhalterofiliacoruna.org\/index.php?rest_route=%2Fwp%2Fv2%2Fmedia&parent=37"}],"curies":[{"name":"wp","href":"https:\/\/api.w.org\/{rel}","templated":true}]}}